7. What is the greatest common divisor of 270 and f?
30
Let l(f) = f**3 + 21*f**2 - 48*f - 52. Let d be l(-21). Let c = -923 + d. Calculate the highest common factor of 528 and c.
33
Suppose w = 4*u + 364, -4*w - u + 36 = -1403. Let s = 35 - -10. Calculate the highest common factor of w and s.
45
Let j = -22864 + 24008. What is the highest common factor of 7579 and j?
143
Let b = 18436 - 17827. Calculate the greatest common divisor of 1624 and b.
203
Suppose 7 = j - g, 3*j + 4*g = -9 - 5. Suppose 5*h - 61 = j*t - 0*h, 118 = -5*t + h. Let q be t/(-2)*2 + -1. What is the greatest common divisor of 110 and q?
22
Let z(s) = -s**2 - 48*s - 135. Let u be z(-43). What is the greatest common divisor of u and 136?
8
Let x be ((-16)/28)/((-14)/21*3/217). What is the highest common divisor of x and 10292?
62
Suppose 36 = 4*f - 5*h, 0*h = -3*f + 5*h + 32. Suppose -f*l = 6 - 86. Let z be 6/(-5) + 1674/270. Calculate the highest common divisor of z and l.
5
Suppose 4*n + 8948 = 3*o, -11916 = -12*o + 8*o - 2*n. What is the highest common factor of o and 20?
20
Let s = -2860 - -2895. What is the greatest common factor of 112 and s?
7
Let v = -4973 + 22209. Calculate the highest common divisor of 62 and v.
62
Suppose 114*q + 35994 - 237954 = -22*q. What is the highest common divisor of 1080 and q?
135
Suppose 0 = 102*u + 2064 - 10632. What is the highest common divisor of u and 156?
12
Let q(k) = k**3 + 15*k**2 + 25*k - 12. Let b be q(-13). Let p be (25 - b)/(-6) + 7. What is the highest common factor of p and 69?
3
Suppose 18*x + 9 = 21*x. Suppose -466 + 331 = -x*a. What is the greatest common factor of a and 18?
9
Suppose 5*n + 6*n = -1969. Let q = n - -485. Calculate the greatest common factor of 18 and q.
18
Let y be -6 - -2 - (5 + -819). What is the greatest common factor of y and 120?
30
Let z = 450 - -6723. Let o be z/45 - (-6)/10. Calculate the greatest common factor of 40 and o.
40
Let d = -99 - 5. Let p = d + 106. What is the highest common divisor of 10 and p?
2
Let h be -733*(-78)/143 - (0 - (-6)/(-33)). Calculate the highest common factor of h and 740.
20
Let v(w) = 130*w - 1662. Let r be v(13). What is the greatest common divisor of r and 184?
4
Let z = -89 - -198. Let g = z + -95. Calculate the greatest common factor of g and 8.
2
Suppose 33*k - 12642 = -53*k. Calculate the highest common divisor of 357 and k.
21
Suppose 71*w - 970 = 2367. What is the greatest common divisor of w and 7661?
47
Let a = 5889 + -5879. Calculate the highest common divisor of a and 1370.
10
Suppose n - 98 = b - n, 3*b = 3*n - 285. Let t = 162 + b. What is the highest common factor of 40 and t?
10
Let m(u) = u**3 + 2*u**2 - 3*u + 26. Let s = 810 + -810. Let r be m(s). What is the highest common factor of r and 1248?
26
Let w be ((177/(-2))/(-3))/(19/646). What is the highest common divisor of w and 177?
59
Suppose -6*x + 3 = -3. Let t(w) = 77*w**3 - w**2 - w + 2. Let j be t(x). Calculate the greatest common divisor of 44 and j.
11
Let y be -3*5/15*-11. What is the greatest common divisor of 7073 and y?
11
Let r be (-3 + -25)/(2/(-16)). Suppose 13*q + 48 = 269. Suppose q*a = -3*a + 560. What is the greatest common divisor of a and r?
28
Let l(n) = -2272*n + 2173. Let z be l(-11). Calculate the greatest common factor of z and 15.
15
Let c = -2 - 131. Let n = c - -174. What is the greatest common factor of 123 and n?
41
Let k(y) = y**2 + y - 6. Let v be k(-5). Suppose -18*t = -23*t + 270. Suppose -41*g = -t*g + 910. What is the highest common factor of g and v?
14
Suppose -9195*q - 21 = -9202*q. Let p be (-21)/(-14) + 90/4. What is the highest common divisor of q and p?
3
Let w(y) = y**2 - y - 29. Let x be w(-6). Suppose -7*s = -2*s - 1350. Suppose -3*z - 75 = -s. What is the greatest common factor of x and z?
13
Suppose 2413*m = 2426*m - 1105. What is the highest common divisor of m and 26?
1
Let y = 4 + 68. Let p be (35/21)/(2/y). What is the highest common factor of p and 60?
60
Let m = -1745 + 1934. What is the greatest common factor of m and 28?
7
Suppose -a + 5*u + 648 = -942, 0 = -2*a + 2*u + 3180. What is the greatest common divisor of a and 270?
30
Let o = 9249 - 9207. Calculate the highest common divisor of o and 576.
6
Suppose -467*a = -471*a + 3*r + 402, 5*r + 109 = a. What is the greatest common divisor of 63 and a?
9
Suppose 25*k = 20*k + 3*w + 2744, -3*k = -3*w - 1644. Calculate the highest common factor of 33 and k.
11
Let p be 641155/(-646)*14/(-5). What is the highest common divisor of p and 7?
7
Suppose 0 = 9*b - 174 - 213. Let f = 78 - b. Calculate the highest common factor of 10 and f.
5
Suppose 66*y + 72 = 33*y + 37*y. Let p = 62 - 44. What is the highest common divisor of p and y?
18
Let y(f) = 119 + 6*f - 134 + 70*f + 41*f. Let a be y(1). Calculate the highest common factor of a and 24.
6
Suppose -1506*p + 1488*p = -6786. Calculate the greatest common divisor of p and 232.
29
Let k be -18 + 23 - (-42)/(-8) - (-61407)/12. What is the greatest common factor of 34 and k?
17
Suppose 5*o - 4*t - 498 = 66, -228 = -2*o + 2*t. What is the greatest common factor of o and 732?
12
Let i(u) = 4*u**2 + 10*u - 16. Let w(f) = -12*f**2 - 31*f + 47. Let m(d) = 7*i(d) + 2*w(d). Let c be m(-8). What is the highest common divisor of 6 and c?
6
Suppose -4*b + 1131 = 3*y - 7*b, 2*y - 782 = -5*b. Suppose -11*g - 73 + y = 0. Calculate the greatest common divisor of 20 and g.
4
Suppose -74 + 22 = -26*n. Let h be (-468)/91*(-7)/n. Calculate the highest common factor of 72 and h.
18
Let l be (-7320)/(-18) - (((-2)/(-3))/1 - 0). Calculate the greatest common divisor of l and 364.
14
Let h be ((-110)/(-50) + 2 - 6)*-5. Let i be (3 - 1) + 3 + 1. Let b be 9 + (-3)/i*0. Calculate the highest common divisor of b and h.
9
Let r be ((-124)/(-16))/(1/52) - 0. Let q be 2/(-2) - (-8 - r). Suppose 4*y - 3*l = q, -4*y - 2*l + 178 = -242. Calculate the highest common factor of y and 26.
26
Suppose -x + 473 = 3*l, 5*l - 52 + 47 = 0. Calculate the highest common divisor of 640 and x.
10
Suppose -2*m + 36 = 2*m. Suppose -m - 6 = 5*l. Let d(w) = -8*w - 10. Let q be d(l). What is the highest common factor of q and 28?
14
Let t = 4441 - 4324. What is the greatest common divisor of 13 and t?
13
Let h(l) = 26*l - 152. Let q be h(6). Suppose 0 = -f + q*v + 49, 0 = 2*f + 4*v - 33 - 5. Calculate the highest common factor of f and 232.
29
Suppose 0 = 42*l + 969 - 1977. Let j be (-13 + (1 - 2))/1. Let u = -6 - j. Calculate the highest common factor of l and u.
8
Let s(v) = -3*v**3 - 13*v**2 - 4*v + 25. Let a be s(-5). What is the greatest common divisor of 95 and a?
95
Suppose -4*u - 5*f - 269 = -8*u, 3*u - 5*f - 203 = 0. Suppose 8*v - 30 - u = 0. Suppose v*a - 17*a = -10. What is the greatest common divisor of a and 1?
1
Let f be (7/(3 + -4))/(-1). Let w = 288 - 296. Let p(b) = -b - 1. Let a be p(w). What is the greatest common divisor of a and f?
7
Suppose 876 = -3*q + 5*q. Let z = -258 + q. Suppose -2*t + h = -6*t + 133, -5*t - 4*h + z = 0. What is the greatest common factor of t and 32?
32
Suppose -421*a = -422*a + 234. Calculate the greatest common divisor of a and 442.
26
Let s(z) be the second derivative of -z**5/20 - 13*z**4/12 - 12*z**2 + 58*z + 1. Let n be s(-14). What is the highest common divisor of n and 129?
43
Let h(k) = -k**2 - 19*k - 53. Suppose 159 + 9 = -14*y. Let s be h(y). What is the greatest common divisor of s and 1271?
31
Suppose -698 = -8*w - 26. Let o = -184 - -214. Calculate the greatest common divisor of o and w.
6
Let g = -24 + 72. Let m(v) = -469*v + 28244. Let b be m(60). What is the greatest common divisor of b and g?
8
Suppose 32*y = 30*y + 10. Suppose -y*l + 118 = -352. Suppose 0 = 3*a + 5*b - 156, 4*b + l = 3*a - 89. Calculate the greatest common divisor of 38 and a.
19
Suppose -416*p + 10224 = -410*p. Suppose 190*l + p = 196*l. Calculate the highest common factor of l and 4.
4
Let r(v) be the third derivative of v**4/24 + 25*v**3/6 + 112*v**2 + 5*v. Let f be -1*1/(2/14). Let i be r(f). Calculate the highest common divisor of i and 90.
18
Suppose 6*q - 55 = 161. Suppose -y - 3*y = 0. Suppose y = -2*b + 36. Calculate the highest common divisor of q and b.
18
Suppose 0 = -5*d + 37 - 42, -4*c + 2*d = -134. What is the highest common factor of 1419 and c?
33
Let l 